*o - 3*w - 4 = -0*o, 8 = 2*w. What is the remainder when 927/(7 + o) + 2 is divided by 52?
51
Suppose -172 = -5*f + 53. Let h(s) = 6*s**2 - 175*s - 118. Calculate the remainder when f is divided by h(30).
13
Suppose -2*v = -9*h + 6*h - 127, 0 = 2*v - 6*h - 136. What is the remainder when 117 is divided by v?
58
Suppose 0 = -584*h + 586*h - 74. Calculate the remainder when 156 is divided by h.
8
Suppose 2*v + 2 = 3*r + 17, 2*v + 5*r - 23 = 0. Let g(d) = -12*d + 68. Let u be g(12). Let h = -71 - u. Calculate the remainder when v is divided by h.
4
Let k = 5 + -3. Let t = -46 + 78. Let o = t - 27. What is the remainder when o is divided by k?
1
What is the remainder when 62 is divided by (-312)/(-572) - 1066/(-22)?
13
Let w be ((-8)/(-10)*-21)/(8/40). Let g = 90 + w. Calculate the remainder when 7 is divided by g.
1
Let d(h) = -24*h - 1. Calculate the remainder when 1 + 1 - (-80 - (-3 + 14)) is divided by d(-2).
46
Calculate the remainder when 148 is divided by 1/6*-1 + 1084/24.
13
Let x(z) = 12*z + 128. Calculate the remainder when 83 is divided by x(-7).
39
Suppose 25 = 5*j - 4*i - 14, i + 40 = 4*j. Calculate the remainder when 228 is divided by j.
8
Suppose -3*z - t + 59 = 0, -2*t - 8 = -0. What is the remainder when z is divided by 15?
6
Let d(j) be the third derivative of 0*j - 1/8*j**4 + 1/10*j**5 - 1/120*j**6 + 5/6*j**3 + 3*j**2 + 0. Calculate the remainder when 28 is divided by d(5).
13
Let v(g) = 11*g + 2. Let p be v(-3). Let c = p + 90. Let a(h) = -h**3 + 39*h**2 + 42*h - 50. Calculate the remainder when c is divided by a(40).
29
Let t(m) = -m**3 - 8*m**2 + 10*m + 22. Let h be t(-9). Suppose -5*o = -5, 2*o + 3*o + h = 2*f. What is the remainder when f is divided by 3?
0
Suppose 0 = -o - 3*o. Suppose o = -2*c + 34 - 8. Suppose 0*m + 36 = m. What is the remainder when m is divided by c?
10
Suppose -6*c - 102 = -96. Suppose -4*n - 30 = 3*w, 3 = 4*n - 2*w + 23. What is the remainder when 40 is divided by ((-21)/n)/c*-4?
12
Let v(o) = 26*o - 385. What is the remainder when v(21) is divided by 72?
17
Let i be (3 - -283)/(4/2). Suppose i - 41 = 6*k. Calculate the remainder when 29 is divided by k.
12
Let h = 129 + -100. What is the remainder when h is divided by 10?
9
Suppose -1341 - 1209 = -50*h. Calculate the remainder when h is divided by 2.
1
Suppose 0 = -2*w - 3*n + 3, 4*w - 2*n = 2*w + 8. Suppose v = -2*a + 10, w*v = v - a + 26. What is the remainder when v is divided by (-4 - 14/(-6))/(5/(-18))?
2
What is the remainder when 42/9*561/22 is divided by 25?
19
Suppose -3*w + q + 3 = 0, -w - q = -5*q - 12. Suppose 5*d - 5*y = 75, w*d - 5 = d + 3*y. What is the remainder when (-37)/(-2) + (-18)/(-36) is divided by d?
9
Let j(a) = a**3 + 6*a**2 - 6*a + 4. Let o be j(-7). Let n = -23 + o. Let g = 59 + n. What is the remainder when 129 is divided by g?
30
What is the remainder when 2742/15 - ((-14)/10)/7 is divided by 51?
30
What is the remainder when (-5)/(((-21)/(-133))/(-3)) is divided by 20?
15
Let f = -116 - -145. Calculate the remainder when 57 is divided by f.
28
Suppose -673*i = -677*i + 136. Calculate the remainder when 133 is divided by i.
31
Let q(d) be the third derivative of -d**4/4 + d**3/3 + 2*d**2. Suppose 40 = 9*h - 8*h. Calculate the remainder when h is divided by q(-2).
12
Suppose 9*q - 41*q = -2720. What is the remainder when q is divided by 23?
16
Suppose -4*x + 3*w = -53 + 13, 0 = -4*x + w + 32. Let q = 11 + x. Calculate the remainder when q is divided by 10.
8
Let r = 17 - -43. What is the remainder when 358 is divided by r?
58
Suppose 15 = -2*l + 41. Let s be (-9)/(-2)*(-10)/(-15). Suppose s*k - 16 - 95 = 0. What is the remainder when k is divided by l?
11
Let h(r) = 2*r**2 + 10*r - 22. What is the remainder when h(-14) is divided by 18?
14
Let m(j) = -35*j - 176. What is the remainder when m(-7) is divided by 19?
12
Let i = -278 - -289. Suppose 4*z + 330 + 262 = 4*g, 444 = -3*z + g. Calculate the remainder when z/(-5) + (-2)/(-5) is divided by i.
8
Let i(n) = -148*n - 988. What is the remainder when 105 is divided by i(-7)?
9
Let v = -72 - -134. What is the remainder when v is divided by 48?
14
Suppose q - 846 - 834 = 4*t, 4*t = -2*q + 3360. Suppose 3*v + 5*s - 1314 = -293, 5*v + 4*s = q. Calculate the remainder when v is divided by 67.
64
Let h be (-2)/(-2)*(-20)/(-4). Suppose -h = -t - 0*t. Calculate the remainder when 12 is divided by t.
2
Suppose 5*a - 153 + 13 = 0. Let l be (0 - 1) + (-3 - -3 - -3). Calculate the remainder when 1 + 79 - (-3 + l)/1 is divided by a.
25
Let a(o) = 5*o**2 + 8*o - 8. Calculate the remainder when a(5) is divided by 33.
25
Let h be 105/(3/(-12) + 20/16). Let n = -77 + h. Calculate the remainder when n is divided by 20.
8
Let f = 62 + -59. Let b(c) = c + 3. Let x be b(2). Suppose 44 + 51 = x*k. Calculate the remainder when k is divided by f.
1
Suppose -4*l = 3*p - 13 - 3, -2*l - 2 = 4*p. What is the remainder when 20 is divided by l?
6
Suppose -5*c + 27 = -3*p, -3*p - 9 = -3*c + 6. Let z = -16 - -18. Suppose 1 = 3*u + o, -u - z*o = -4 + 12. Calculate the remainder when c is divided by u.
0
Let n = 139 - 78. What is the remainder when n is divided by 30?
1
Suppose -5 = 2*h - 1. Let t(w) = -5*w. What is the remainder when t(h) is divided by 6?
4
Let r = -42 + -70. Let f = r + 116. What is the remainder when 17 is divided by f?
1
Let a(k) be the first derivative of k**4/4 + 10*k**3/3 + 3*k**2/2 - 4*k - 14. What is the remainder when a(-7) is divided by 25?
22
Let d(t) = 2*t**3 - 17*t**2 - 6*t - 12. Let s(h) = h**2 + 2*h + 5. Let b be (-1)/((1 - 4)/(-18)). Calculate the remainder when s(b) is divided by d(9).
14
Let x = -97 + 213. Let z = -416 + 433. What is the remainder when x is divided by z?
14
Suppose -2*x - 3 - 195 = -3*h, -3*h + 3*x = -201. Suppose -p + h = 3*p - 4*u, 4*p = -3*u + 36. Calculate the remainder when 55 is divided by p.
7
Suppose 31 = 3*a - 2*s - 3*s, 0 = -3*a + 2*s + 43. What is the remainder when 95 is divided by a?
10
Let o be (-84)/10 - ((-36)/30)/3. Calculate the remainder when 46 is divided by (-130)/o + ((-20)/4)/20.
14
Suppose -15*g + 32*g = 51. Calculate the remainder when 4 is divided by g.
1
Let n = -8 + 0. Let x be 4/6*(-78)/13. Let i = x - n. Calculate the remainder when 11 is divided by i.
3
Suppose k - 4*n = 96, 2*k = -3*k + 3*n + 565. Suppose r = -m - 0*m + 19, 4*m = -r + 70. What is the remainder when k is divided by m?
14
Let t be 15964/78 + 2/6. Suppose -3*i - 22 = -t. What is the remainder when i is divided by 31?
30
Let y(o) = -2*o**3 - 9*o**2 + 16*o + 99. Calculate the remainder when 217 is divided by y(-6).
106
Let f(o) = -2*o**3 - o + 37. What is the remainder when 144 is divided by f(0)?
33
Let x be (0 - 6)/(2/(16/(-12))). Suppose -4*f = 6*s - 4*s - 62, x*f + s - 57 = 0. Calculate the remainder when 35 is divided by f.
9
Let i = -640 - -717. What is the remainder when 378 is divided by i?
70
Let o(h) = -h**2 + 10*h + 10. Let a be o(11). Calculate the remainder when 56 is divided by (a - 1)/((-6)/87).
27
Suppose -11*m = -49*m + 17366. What is the remainder when m is divided by 46?
43
Suppose -48 = 4*m - 136. Suppose 2*v - 7 = 3*i, -2*v + 0*i + 8 = -4*i. Calculate the remainder when m is divided by 0 + v + 7 - 1.
6
Let i be -21*((-32)/12)/(-4). Let q(u) = u**2 + 11*u + 20. What is the remainder when q(i) is divided by 16?
14
What is the remainder when 1745/65 + 2 - 4/(-26) is divided by 7?
1
Let j = -77 + 81. Suppose 100 = 5*l - 5*z, 0*z - 62 = -j*l - 2*z. What is the remainder when l is divided by 5?
2
Let q = 352 + -349. Suppose -y - 11 + 2 = -l, l - 29 = 5*y. Suppose -l*x + 20 = -16. Calculate the remainder when x is divided by q.
0
Let n(b) = b**3 + 3*b**2 - 6*b - 4. Let a be n(-4). Suppose 2*i - 4 = a*f - 2*i, -f = 3*i + 5. Calculate the remainder when 14 is divided by -8*-2*f/(-8).
2
Suppose 0 = -4*n + 14 + 10. Let o = 7 - n. Calculate the remainder when 105 is divided by 23 + o/((-4)/(-16)).
24
Suppose 2*a - 89 = -3*t, -184 = -4*a - 0*t - 4*t. Suppose 285 = 3*g - 4*c, -2*g + 115 = -4*c - 75. What is the remainder when g is divided by a?
46
What is the remainder when 39 is divided by 20 + -13 - (-14)/2?
11
Let q = -11 - -111. Suppose 0 - 9 = -2*c - 5*t, 0 = 3*c + t - 46. Calculate the remainder when q is divided by c.
15
Let z(k) = 27*k - 70